 -1144024443 - 2?
-1144030000
In base 16, what is -354 + -5c7?
-91b
In base 10, what is -3 + -50599?
-50602
In base 13, what is c5 - -24a?
342
In base 7, what is -4 + -1436654?
-1436661
In base 10, what is -49 - -28708?
28659
In base 15, what is 761 + 13?
774
In base 9, what is 346 - 267?
68
In base 9, what is -1880 + 43?
-1836
In base 4, what is -3 - -11332133?
11332130
In base 10, what is 211 + 72?
283
In base 7, what is 46424 + 4?
46431
In base 12, what is -4 + -9380?
-9384
In base 13, what is 1 - 453b?
-453a
In base 12, what is -b27 + 4?
-b23
In base 10, what is 3 - 5050?
-5047
In base 13, what is -102 + -11?
-113
In base 10, what is 3 + -9248?
-9245
In base 13, what is c1 - -159?
24a
In base 12, what is 10a - 2b7?
-1a9
In base 5, what is 13 + -1323124?
-1323111
In base 11, what is -5 - -109a69?
109a64
In base 13, what is 4c23 + 2?
4c25
In base 14, what is 9303b - 1?
9303a
In base 5, what is -2 - -142341?
142334
In base 11, what is 170 - -130?
2a0
In base 13, what is 137 + 114b1?
11618
In base 6, what is -13 + 225055?
225042
In base 7, what is 3204133 + 1?
3204134
In base 3, what is 20012 - -210001?
1000020
In base 13, what is 2a866 + -1c?
2a847
In base 7, what is 410 + -132?
245
In base 8, what is 55401 + 33?
55434
In base 8, what is 5 - -42464?
42471
In base 5, what is -12302413 + 3?
-12302410
In base 8, what is 47357 + -23?
47334
In base 6, what is 1 - -3104512?
3104513
In base 3, what is 200222 - 20011?
110211
In base 16, what is -119 - 2d?
-146
In base 9, what is 3 + -72044?
-72041
In base 5, what is 30402 + -2?
30400
In base 5, what is -4 - -320423?
320414
In base 7, what is 4 + -1425121?
-1425114
In base 12, what is 14a0 - 33?
1469
In base 2, what is 0 - 11011011111111011110?
-11011011111111011110
In base 6, what is -22010 + 133?
-21433
In base 8, what is 4 - -145654?
145660
In base 14, what is 2 - -5d53?
5d55
In base 11, what is 98 + -14a4?
-1407
In base 9, what is -6308 - 20?
-6328
In base 12, what is 0 + 40927?
40927
In base 14, what is -c7 + 6514?
642b
In base 14, what is -184 - -246d?
22c9
In base 8, what is 2 - 5513346?
-5513344
In base 9, what is -241084 - 2?
-241086
In base 8, what is 0 - 2305?
-2305
In base 8, what is -3306533 - -2?
-3306531
In base 3, what is -1222002 - 211000?
-2210002
In base 6, what is -212 - 11044?
-11300
In base 3, what is 202211 + 10001?
212212
In base 8, what is -5 + 30276?
30271
In base 10, what is -319157 + -1?
-319158
In base 4, what is -10 - 113331032?
-113331102
In base 12, what is -2 - -729b?
7299
In base 7, what is 1413 - 22?
1361
In base 2, what is 110 + -11101001110101?
-11101001101111
In base 4, what is -311231032 - 0?
-311231032
In base 11, what is 7115 + -10?
7105
In base 6, what is 31051 - -4?
31055
In base 14, what is -10752 - 60?
-107b2
In base 8, what is -4 + 635167?
635163
In base 7, what is -30 + 545213?
545153
In base 13, what is cb + 713?
811
In base 15, what is 1b - 2153a?
-2151e
In base 15, what is -4e7 - -1a8?
-33e
In base 7, what is -1511 + 633?
-545
In base 11, what is a7657 + -5?
a7652
In base 8, what is 17 - -331035?
331054
In base 12, what is -208159 + -2?
-20815b
In base 14, what is -3 - -2479?
2476
In base 10, what is -4 - -6974?
6970
In base 15, what is 39 + dc?
126
In base 6, what is 2 + -55033?
-55031
In base 14, what is 6c + 21b4?
2242
In base 9, what is -4 + 2876622?
2876617
In base 13, what is -10448 - 7?
-10452
In base 7, what is 6525 + 31?
6556
In base 9, what is -7 + -7242?
-7250
In base 13, what is 57962 + 3?
57965
In base 15, what is 35 + 1c8?
20d
In base 8, what is 66 + 556?
644
In base 11, what is -17148 + -42?
-1718a
In base 9, what is -20 - -28041?
28021
In base 10, what is 19889 - -4?
19893
In base 2, what is 1 - 11011101101100?
-11011101101011
In base 16, what is -e2ed + 0?
-e2ed
In base 13, what is -c5 + 112?
1a
In base 12, what is -5 + 30ab6?
30ab1
In base 10, what is 103 - 7?
96
In base 7, what is -236 + 2456?
2220
In base 10, what is 10 + -84999?
-84989
In base 5, what is 131 + -40403?
-40222
In base 8, what is 14253 - 0?
14253
In base 13, what is -c00c2 - -3?
-c00bc
In base 10, what is -220 + 264?
44
In base 15, what is -31b + 3?
-318
In base 13, what is -18 - 30?
-48
In base 3, what is -10022000 - 1020?
-10100020
In base 9, what is 56 - 2752?
-2685
In base 12, what is -6486 - -18?
-646a
In base 13, what is 1c3875 - 2?
1c3873
In base 14, what is 10bca - -1?
10bcb
In base 12, what is 63 - 35485?
-35422
In base 8, what is -7520 + -111?
-7631
In base 12, what is -18a35 - -8?
-18a29
In base 6, what is -21543135 + 1?
-21543134
In base 6, what is 145101 - 5?
145052
In base 7, what is -51 + -13446?
-13530
In base 4, what is -1 + 1221212120?
1221212113
In base 3, what is -2 - 1022100012?
-1022100021
In base 13, what is -5 + 1428?
1423
In base 12, what is 5 + 267366?
26736b
In base 2, what is 101 + -101010110111100010?
-101010110111011101
In base 7, what is 1335 + -6211?
-4543
In base 16, what is -40 + 697?
657
In base 16, what is 3 + 24359?
2435c
In base 14, what is 0 - -2a95?
2a95
In base 11, what is 2a030 - -3?
2a033
In base 16, what is 4b62 + -5?
4b5d
In base 2, what is -1110001 + -1011101010?
-1101011011
In base 4, what is -203311 - 3003?
-212320
In base 3, what is 120121 + -1212?
111202
In base 16, what is 1 + a0a9e?
a0a9f
In base 11, what is 233a + -119?
2221
In base 10, what is -355 - -30?
-325
In base 13, what is -3 + 3cb8?
3cb5
In base 12, what is -20 - 379a?
-37ba
In base 9, what is 12 - 266?
-254
In base 14, what is -b + -41c04?
-41c11
In base 2, what is 11001010011010 - -10?
11001010011100
In base 8, what is 7 + -130270?
-130261
In base 13, what is 221b - -35?
2253
In base 3, what is -10 - 121111201111?
-121111201121
In base 3, what is -222020000 + -10?
-222020010
In base 8, what is -14 - -1110223?
1110207
In base 15, what is 0 - -1e50cd?
1e50cd
In base 11, what is -9 - -1a58?
1a4a
In base 7, what is 3 - 104602?
-104566
In base 6, what is -20455 - -2541?
-13514
In base 2, what is -100 + 1011100100011001101?
1011100100011001001
In base 15, what is 13e3b - 2?
13e39
In base 6, what is -22 + 5410?
5344
In base 6, what is -111 - 1102243?
-1102354
In base 16, what is -39375 + 5?
-39370
In base 9, what is 3178 - 63?
3115
In base 11, what is -4302 + 4?
-42a9
In base 6, what is 30 + -50230?
-50200
In base 6, what is 3101 + 43241?
50342
In base 14, what is 2 + 6c47b?
6c47d
In base 10, what is 1 - 1021743?
-1021742
In base 7, what is 13 - 22662?
-22646
In base 10, what is 11150 - 0?
11150
In base 2, what is -10 + -1000111100001000?
-1000111100001010
In base 6, what is -4 + 54504?
54500
In base 16, what is 8 + 28?
30
In base 11, what is -1 - -944?
943
In base 13, what is -197a - 67?
-1a14
In base 6, what is 2 - -152431?
152433
In base 12, what is -2 + -366b?
-3671
In base 11, what is 1585 + -63?
1522
In base 3, what is 11 + -112220102?
-112220021
In base 13, what is 41 - 10ca?
-1089
In base 6, what is 152 - 3512?
-3320
In base 6, what is -1310342 - -13?
-1310325
In base 13, what is -3 + 43a9?
43a6
In base 14, what is -5 + 55d7?
55d2
In base 2, what is 100 - 1101010001001000?
-1101010001000100
In base 6, what is 131535 + 324?
132303
In base 14, what is 30 - 6b2?
-682
In base 5, what is -141212414 - -1?
-141212413
In base 16, what is -29836a - 4?
-29836e
In base 14, what is 1c2 - -1432?
1614
In base 12, what is -154 + -8b?
-223
In base 9, what is -23342 + 2?
-23340
In base 12, what is -18 + 1682?
1666
In base 13, what is 318 + -2?
316
In base 2, what is -1010000001010000000 - -10?
-1010000001001111110
In base 9, what is -21777 - 55?
-21843
In base 5, what is 323 + -2132?
-1304
In base 2, what is -10011110100100 - -101?
-10011110011111
In base 7, what is -4 - -54261?
54254
In base 10, what is 123511 - 11?
123500
In base 9, what is 211 - -470?
681
In base 4, what is -11 - 21202111?
-21202122
In base 8, what is -3 - -744325?
744322
In base 5, what is -14 + 2311?
2242
In base 7, what is 344223 + 14?
344240
In base 7, what is -21 + 25122?
25101
In base 8, what is 136 - 1721?
-1563
In base 11, what is -646438 - -5?
-646433
In base 3, what is -1202120012112 + 1?
-1202120012111
In base 8, what is 6404 - -36?
6442
In base 8, what is 13035 - 7?
13026
In base 3, what is -2121022101 - 10?
-2121022111
In base 16, what is -3b8b + -2?
-3b8d
In base 9, what is 2036 - -